 4*w - 868, 0 = 2*w - 4. Calculate the highest common factor of v and 12.
12
Let k = 1218 - 1155. Calculate the highest common factor of 198 and k.
9
Let t(j) = -24*j - 6*j - 69*j. Let a be t(-1). What is the greatest common factor of a and 11?
11
Suppose -354 = -6*g + 216. Suppose g*d + 84 = 98*d. What is the greatest common factor of 14 and d?
14
Suppose 9*k - 610 = 20. Let f = 27 - -8. What is the greatest common factor of k and f?
35
Let s(g) = g + 1. Let f(i) = 24*i + 10. Let l(v) = f(v) - 4*s(v). Let d be l(6). Calculate the highest common factor of 18 and d.
18
Suppose 5*b - 110 = -0*l + l, 2*b = 5*l + 44. Let k be -2*(-174)/116*88/6. What is the greatest common factor of k and b?
22
Let n be ((-5)/4)/(3/24). Let i be ((-4)/(-10))/((-4)/n). Let j be -24*i/(-7)*7. Calculate the greatest common factor of 4 and j.
4
Suppose 4*v = 2*y - 52, 3*y + 5*v - 44 = 23. Suppose -2*c = 3*c - 175. Let m = c - -25. What is the greatest common factor of y and m?
12
Suppose -9 = 2*i - 2*n - n, 2*i + 5*n = -49. Let x = -6 - i. Let o be 57/21 + (-4)/(-14). Calculate the greatest common divisor of x and o.
3
Let d = 100 + 16. Suppose 2*r - 78 = -3*l + 7, -4*l + 112 = 4*r. Calculate the highest common factor of d and l.
29
Suppose 2*r = 3*n - 55, 5*n - 95 = -5*r + 9*r. Calculate the highest common factor of n and 25.
5
Let v(y) be the first derivative of y**2 + 22*y + 14. Let p be v(7). Calculate the greatest common divisor of p and 36.
36
Let d = -20 - -21. Let x(q) = 62*q**2. Let t be x(d). Calculate the greatest common factor of 93 and t.
31
Let t = 339 - 273. What is the greatest common divisor of 231 and t?
33
Suppose -4*s = -0*s - 16. Let w(n) = -18 - 2*n - 20 - 2*n - 4*n. Let v be w(-6). Calculate the highest common divisor of v and s.
2
Let i = -808 + 2161. What is the highest common factor of 41 and i?
41
Let h = 517 + -490. What is the highest common divisor of 432 and h?
27
Let w be (-699)/(-6) + (-15)/(-10) + -3. Suppose -w + 98 = -q. Calculate the greatest common factor of 51 and q.
17
Let s(j) = j**3 - 3*j**2 + 3*j - 3. Let n be s(2). Let y = n - 4. Let k be (-710)/y - (1 - 2). Calculate the greatest common divisor of 13 and k.
13
Suppose 4*y - 832 = -2*v, -5*v - y = -3143 + 1072. What is the greatest common factor of v and 23?
23
Let p = 87 + -81. Calculate the greatest common factor of 14 and p.
2
Suppose 50*s - 4513 = -1513. Calculate the highest common divisor of 140 and s.
20
Suppose -2*w + 39 + 25 = 0. Let r = 64 - w. Suppose 2*d = -2*d + 12, 4*d = -4*p + 332. Calculate the highest common divisor of p and r.
16
Let o(h) = h**2 - 6*h - 4. Let z be o(7). Suppose -2*j + z*j + 8 = 0. Let i = 15 + j. What is the greatest common factor of 1 and i?
1
Suppose -29 = -8*z - 13. Calculate the highest common divisor of 27 and z.
1
Suppose 8*z - 75 = 197. Calculate the greatest common factor of 153 and z.
17
Let c = -22 - -31. Let s(g) = -g + 4. Let n be s(c). Let u be (3/n)/((-1)/15). Calculate the greatest common divisor of 18 and u.
9
Suppose 285 = 4*x + 3*a, -2*x + 80 + 45 = 5*a. What is the greatest common factor of 50 and x?
25
Suppose 47*x = 69*x - 51370. Calculate the greatest common divisor of 5 and x.
5
Let z(s) = 9*s + 282. Let r be z(-13). What is the greatest common factor of r and 15?
15
Let q = 8 + -2. Suppose -19 = -2*m - 5*t, -10*m + 5*m = -5*t + 5. Let x be (-2 - (-13)/2)*m. Calculate the highest common divisor of q and x.
3
Suppose -10*y = -17*y + 77. Calculate the highest common divisor of 121 and y.
11
Let o = -7 + 14. Let u(y) = y - 3. Let v be u(5). Suppose 160 = 3*b + 4*w, 0*w = -v*b + 2*w + 116. Calculate the greatest common divisor of b and o.
7
Let v(d) = 6*d + 8. Let c be v(4). Let i be 27*(20/3 + 4). What is the greatest common divisor of i and c?
32
Let i be ((-3)/4)/(1/(-16)). Let z be (-11 + (-697)/(-51))/((-8)/(-18)). What is the highest common factor of z and i?
6
Let b(v) = v + 116. Let c be b(36). What is the highest common divisor of c and 8?
8
Let h be (-1516)/(-6) - 8/12. Let s = h - 162. What is the greatest common factor of 10 and s?
10
Suppose 50*f - 256 = 23794. What is the highest common factor of 148 and f?
37
Suppose 343 + 53 = 3*k. Let l be 2/(24/(-66)) - 1/2. Let c be ((-15)/l)/(3/k). Calculate the greatest common divisor of c and 22.
22
Let m be (-26)/(-143) - 42/(-11). Suppose -m - 3 = -s. What is the greatest common divisor of s and 77?
7
Let b = -6 - -9. Let q = b - -10. What is the greatest common factor of q and 91?
13
Let h = -211 - -215. Let c be 2/9 - (-58)/(-18). Let u be (-8)/h + 11 + c. Calculate the greatest common divisor of 42 and u.
6
Let o(v) = -18*v - 476. Let s be o(-31). What is the greatest common divisor of 1312 and s?
82
Let l = -147 - -151. Let o = -17 - -21. What is the highest common factor of l and o?
4
Let b be (144/(-56))/(9/42). Let o be (-4 - -1)/(9/b). What is the greatest common divisor of 36 and o?
4
Let h be (4 - 1)/(-3 + (-45)/(-12)). Suppose -8 = h*q, -3*t - t - 5*q + 6 = 0. Calculate the greatest common factor of 4 and t.
4
Let i be ((-18)/8)/(2/(-224)). Suppose i = 9*o - 5*o. Suppose 36 = 25*d - 139. Calculate the greatest common divisor of d and o.
7
Let f = 2 - 3. Let d be ((-1)/f + -28)*-1. Calculate the highest common divisor of 54 and d.
27
Let b = -49 - -36. Let t(a) = a**2 + 7*a + 10. Let r be t(b). What is the greatest common factor of r and 8?
8
Let m = -681 + 758. Calculate the greatest common divisor of m and 21.
7
Let p = 412 - 230. What is the highest common factor of 91 and p?
91
Suppose -z - 2*k = 2 + 2, -4*z = k - 12. Let a be 21/z + 39/52. What is the highest common factor of a and 66?
6
Let q be 147/294 + 2 + (-70)/(-4). Calculate the greatest common divisor of 28 and q.
4
Let n = -158 + 288. Let u(b) = 1 - 3 - 2*b**2 + 3*b**2 + 7*b**2 + 2*b. Let g be u(-2). What is the greatest common divisor of n and g?
26
Let s(x) = -x - 13. Let o be s(-34). Let n(j) = 28*j**3 - j**2 - 2. Let f be n(2). Let m = f + -155. What is the greatest common divisor of o and m?
21
Let g be -13 - (6/2 - 6). Let y be (-66)/(-15) - (-4)/g. Suppose 0*l = -y*l + 252. What is the highest common divisor of 42 and l?
21
Let o = 414 - 282. Suppose -2*w + o = w - 2*x, -w + 57 = -5*x. What is the highest common divisor of w and 28?
14
Let d = 194 - 95. Let a = -513 - -522. Calculate the highest common divisor of d and a.
9
Let g be (10/8)/(12/192). Suppose -3*u = 5*m - 2*m - 528, -3*m = 12. What is the highest common divisor of g and u?
20
Let w = -17 - -19. Let s be (42 - w)*(0 + 12/15). What is the highest common divisor of s and 8?
8
Let g = 41 - 39. Let r = 8 - g. Calculate the greatest common divisor of 24 and r.
6
Let c(t) = 5*t + 247. Let f be c(-20). What is the greatest common factor of 63 and f?
21
Let l be ((-7902)/(-135) - (-16)/20)*3. Calculate the greatest common divisor of 801 and l.
89
Let t = 94 + -72. Suppose -6 = -t*g + 19*g. What is the greatest common factor of 4 and g?
2
Let s(a) = 8*a**2 + 12*a - 18. Let g be s(8). Calculate the greatest common factor of 10 and g.
10
Let k be ((10/4)/(-5))/(9/(-108)). Suppose 2*j = k*j - 140. What is the highest common factor of j and 385?
35
Suppose -2*x - 312 = -w, -2*w = x + 2*w + 138. Let t = x + 156. Calculate the greatest common divisor of 64 and t.
2
Let t be (6 - 2030/21)/((-10)/45). Calculate the greatest common factor of 24 and t.
24
Let c = -7 + 28. Let r = -905 + 912. Calculate the highest common divisor of r and c.
7
Let m = 361 - -134. What is the greatest common factor of 55 and m?
55
Let r be 5 + 3 + -5 - 79. Let p = 124 + r. Calculate the highest common factor of 192 and p.
48
Let f = 14 + 5. Let w = 7 - 5. Suppose -w*q + 4 = -5*r - 39, -2*r - 78 = -4*q. Calculate the greatest common factor of f and q.
19
Suppose -14 = 3*g - 2, 2*u = 2*g + 176. Suppose 0 = -4*l - 2*h + 73 + 15, 0 = -4*l - 3*h + u. Let o = -6 - -14. What is the greatest common divisor of o and l?
8
Let r(o) = 213*o + 7. Let w be r(7). What is the highest common factor of w and 14?
14
Suppose -9*o + 7*o = -78. Suppose 0*n - 2*n = -5*j - o, -4*j = -2*n + 38. What is the greatest common factor of 34 and n?
17
Let y be (-2828)/(-7)*(-2)/(-2). Suppose -4*q = -4*l + y, -4*q - 297 = -3*l - 3*q. Calculate the highest common divisor of 14 and l.
14